base 15.
-a24
What is 112 (base 10) in base 15?
77
Convert -d771 (base 15) to base 8.
-130764
2277 (base 10) to base 15
a1c
Convert 1221010 (base 3) to base 14.
727
1001001111 (base 2) to base 7
1503
Convert 37 (base 8) to base 5.
111
What is -436 (base 7) in base 11?
-193
5d1 (base 14) to base 2
10010001011
-1242 (base 9) to base 13
-566
Convert 449 (base 11) to base 15.
25c
What is -1054 (base 9) in base 12?
-54a
What is 3122313 (base 4) in base 8?
33267
What is -302303 (base 7) in base 3?
-2121022102
What is 1010111 (base 2) in base 11?
7a
Convert 7a9a (base 14) to base 12.
103b4
7728 (base 10) to base 7
31350
Convert -213343 (base 7) to base 3.
-1220001121
37233 (base 9) to base 13
b4a5
Convert -1101201220 (base 3) to base 12.
-13b06
What is -1177 (base 8) in base 15?
-2c9
-20567 (base 9) to base 10
-13588
-10010110101 (base 2) to base 9
-1578
What is 1012 (base 3) in base 12?
28
11300 (base 4) to base 9
448
What is -2576 (base 8) in base 12?
-992
Convert 311110 (base 4) to base 7.
12643
-4140 (base 7) to base 5
-21244
What is -17cb (base 14) in base 12?
-259b
Convert 114a2 (base 11) to base 2.
100000010111000
Convert 85c (base 14) to base 8.
3162
What is 220011001 (base 3) in base 11?
12255
14233 (base 5) to base 16
4a9
-56373 (base 8) to base 12
-11937
What is 42001 (base 10) in base 3?
2010121121
-133550 (base 7) to base 15
-777e
What is 366 (base 9) in base 3?
102020
What is -3240 (base 9) in base 4?
-211101
Convert 1122 (base 6) to base 8.
412
Convert 30202 (base 4) to base 16.
322
-5231 (base 13) to base 9
-16525
What is 12421 (base 6) in base 16?
75d
Convert -2011 (base 6) to base 11.
-36a
-45426 (base 7) to base 10
-11535
What is -134124 (base 7) in base 10?
-25449
What is -256 (base 11) in base 2?
-100101111
-15b9 (base 16) to base 4
-1112321
Convert 2653 (base 12) to base 13.
1cc2
-1012103 (base 4) to base 5
-120444
What is 100011 (base 2) in base 8?
43
Convert 102 (base 12) to base 3.
12102
Convert -2222311 (base 4) to base 3.
-112222221
69 (base 14) to base 12
79
What is 613 (base 15) in base 3?
1212200
Convert -21c (base 16) to base 7.
-1401
Convert -241 (base 14) to base 6.
-2025
What is c51 (base 16) in base 5?
100103
Convert -4213 (base 5) to base 2.
-1000101110
5083 (base 9) to base 12
21a0
What is -17237 (base 10) in base 3?
-212122102
What is -1063 (base 12) in base 5?
-24203
Convert 2c2 (base 15) to base 13.
398
What is -413 (base 14) in base 16?
-321
What is -641 (base 10) in base 6?
-2545
16c8 (base 14) to base 15
1331
-2451 (base 8) to base 15
-5d1
-11000111 (base 5) to base 2
-10110111001010101
12221113 (base 4) to base 8
65127
Convert -34201 (base 6) to base 3.
-20121201
Convert -288aa (base 12) to base 8.
-156402
Convert -2012 (base 4) to base 13.
-a4
60d7 (base 16) to base 13
b390
What is -a920 (base 12) in base 10?
-18600
-147 (base 8) to base 14
-75
-10320302 (base 4) to base 9
-30412
c70 (base 13) to base 2
100001000111
2283 (base 11) to base 13
1495
What is -7c (base 16) in base 7?
-235
-101231313 (base 4) to base 3
-10200112200
2630 (base 12) to base 16
1104
Convert -2001021100 (base 3) to base 4.
-21311211
Convert -29e (base 15) to base 11.
-4a5
Convert 43505 (base 7) to base 16.
2a83
-810 (base 9) to base 3
-220100
What is -11221 (base 3) in base 9?
-157
4305 (base 6) to base 2
1111010001
a49 (base 11) to base 10
1263
What is -c8e (base 16) in base 15?
-e44
673 (base 8) to base 14
239
345054 (base 6) to base 10
29626
-13003213 (base 4) to base 7
-150160
Convert -354 (base 9) to base 4.
-10210
4688 (base 12) to base 16
1ec8
Convert 31034 (base 7) to base 15.
239b
Convert -2135 (base 14) to base 4.
-1121203
1d5 (base 14) to base 4
11333
-43330 (base 5) to base 4
-232111
1696 (base 10) to base 12
b94
Convert 1313003 (base 4) to base 11.
57a7
36a (base 11) to base 16
1b7
What is 10121 (base 4) in base 9?
342
Convert -159b (base 16) to base 4.
-1112123
Convert -1111 (base 8) to base 7.
-1464
501 (base 10) to base 16
1f5
What is -c96a (base 14) in base 2?
-1000011111100010
2221 (base 4) to base 11
144
-354340 (base 6) to base 7
-155544
Convert 20241 (base 7) to base 10.
4929
Convert -2c1 (base 13) to base 10.
-495
-2109 (base 12) to base 5
-103414
What is -1001000 (base 2) in base 11?
-66
-1390 (base 10) to base 4
-111232
20949 (base 10) to base 15
6319
-12120 (base 8) to base 16
-1450
What is -3917 (base 12) in base 13?
-2c5c
Convert -121 (base 14) to base 8.
-341
What is 10100 (base 2) in base 8?
24
Convert -1a (base 12) to base 16.
-16
-10312 (base 4) to base 6
-1234
16c4a (base 14) to base 10
57298
What is -203441 (base 6) in base 5?
-1010434
Convert 2306 (base 10) to base 8.
4402
What is -1524 (base 6) in base 8?
-634
Convert 26e (base 16) to base 13.
38b
2010112 (base 3) to base 6
11105
Convert -dba (base 15) to base 13.
-1546
Convert -933 (base 15) to base 2.
-100000011001
2032310 (base 5) to base 13
122c6
Convert 9f66 (base 16) to base 9.
61870
Convert -11588 (base 10) to base 3.
-120220012
What is -76c (base 16) in base 7?
-5353
Convert -274 (base 15) to base 3.
-202201
-22031113 (base 4) to base 13
-16057
Convert 23101 (base 4) to base 12.
501
11674 (base 11) to base 10
16779
-211 (base 14) to base 10
-407
1001000 (base 2) to base 3
2200
3456 (base 9) to base 11
1a1a
-1110110000101110 (base 2) to base 11
-41476
11101011000100 (base 2) to base 6
153352
2f (base 16) to base 9
52
What is 3060 (base 7) in base 3?
1110200
Convert -45a9 (base 11) to base 7.
-23430
What is -215 (base 8) in base 4?
-2031
What is 2220100 (base 3) in base 16?
843
-1113 (base 5) to base 11
-134
Convert -41170 (base 8) to base 4.
-10021320
-20230233 (base 4) to base 2
-1000101100101111
Convert -2014110 (base 5) to base 14.
-bb49
459 (base 10) to base 3
122000
What is -3735 (base 9) in base 13?
-1364
13350 (base 6) to base 15
93c
Convert -1003 (base 6) to base 14.
-119
Convert 11000000010 (base 2) to base 12.
a82
-1401 (base 5) to base 12
-16a
Convert -2151 (base 12) to base 11.
-2829
Convert -943 (base 12) to base 7.
-3633
What is b09 (base 15) in base 8?
4664
What is 1a69 (base 11) in base 8?
5070
Convert -10645 (base 8) to base 5.
-121032
Convert -879 (base 13) to base 10.
-1452
What is -616 (base 10) in base 15?
-2b1
What is 203 (base 6) in base 16?
4b
Convert -301300 (base 5) to base 11.
-7215
-21122020 (base 3) to base 8
-12700
207 (base 10) to base 8
317
-3b7b (base 12) to base 2
-1101011001111
-204 (base 16) to base 14
-28c
-1473 (base 10) to base 2
-10111000001
What is 11111010 (base 2) in base 13?
163
Convert 2332400 (base 5) to base 14.
1188a
-6818 (base 12) to base 15
-3645
Convert -41 (base 6) to base 5.
-100
What is -681 (base 9) in base 7?
-1426
Convert 10000001101 (base 2) to base 6.
4445
Convert -425 (base 10) to base 7.
-1145
1541 (base 9) to base 14
5d9
14151 (base 7) to base 15
1223
3030030 (base 4) to base 11
9900
Convert 213 (base 11) to base 12.
194
What is -122210 (base 3) in base 7?
-1254
Convert 110011101010 (base 2) to base 9.
4473
Convert 100 (base 13) to base 5.
1134
What is 22032 (base 5) in base 13?
8c9
-31076 (base 8) to base 7
-52333
Convert -210534 (base 6) to base 3.
-212101111
What is -15c9b (base 13) in base 5?
-2313302
-8311 (base 14) to base 15
-6a3a
Convert -202544 (base 7) to base 13.
-1297a
Convert 17439 (base 12) to base 5.
2032303
-626 (base 8) to base 5
-3111
What is -1310023 (base 4) in base 8?
-16413
What is 4355 (base 6) in base 13?
5c6
Convert -221032 (base 4) to base 14.
-d66
Convert -7123 (base 10) to base 16.
-1bd3
Convert -a042 (base 13) to base 9.
-33181
What is 4242a (base 12) in base 16?
153e2
What is 423 (base 11) in base 16?
1fd
What is -19 (base 10) in base 16?
-13
-205402 (base 6) to base 7
-66626
What is -1626 (base 8) in base 15?
-413
What is -93 (base 11) in base 2?
-1100110
10c (base 16) to base 9
327
7922 (base 11) to base 5
313210
Convert 3233 (base 5) to base 10.
443
What is 3170 (base 8) in base 14?
864
Convert 2412 (base 5) to base 13.
216
Convert -233120 (base 4) to base 6.
-22012
Convert 2372 (base 13) to base 14.
1b6a
-16202 (base 13) to base 6
-522455
Convert 3789 (base 10) to base 6.
25313
Convert -89 (base 13) to base 14.
-81
What is 67054 (base 9) in base 11?
304a1
What is b2 (base 14) in base 15?
a6
What is 123101 (base 6) in base 15?
341d
Convert -3e